0).
-1
Let u(y) = -14*y**2 + 17*y + 7. Let f(r) = 5*r**2 - 6*r - 2. Let p(n) = -17*f(n) - 6*u(n). Give p(0).
-8
Let s(q) = q**2. Let h(m) = -3*m**2 - 6*m - 3. Let r(v) = -h(v) - 4*s(v). Let z = -64 - -70. Calculate r(z).
3
Let t be (8/(-6))/((-2)/6). Suppose c - 2*j = 6, -t*j - 2 = 3*c - 0*c. Let d(w) = -3*w**c + 3 + w**3 + w**2 - 6. Calculate d(3).
6
Suppose 5*m - 3*m = 0. Suppose -3*b + 14 - 2 = m. Suppose 4*c + 20 = -4*x + b, 3*c + 16 = x. Let d(h) = 6*h + 1. Give d(x).
7
Let k(z) = z - 11. Let x be 10 - (-7 - -5)/(-3 - -2). Give k(x).
-3
Let c = -3 + 5. Let k(r) = -2*r**c + r**2 + r - 2*r**2 + r**2 + 2. Give k(-2).
-8
Let z(s) = -s**2 - s + 5. Let i be (-4)/12 + (-33)/9. Give z(i).
-7
Let q(s) = 3*s**3 - 12*s**2 + 4*s + 16. Let a(g) = -4*g**3 + 18*g**2 - 6*g - 24. Let v(p) = -5*a(p) - 7*q(p). Give v(-6).
-4
Let x(z) = 0 - z**2 + 0 + 3. Calculate x(3).
-6
Suppose 0 - 8 = -4*o. Let d(z) = -z - 1. Let m be d(-4). Let c(u) = u**2 - o*u - u - m - 4. Give c(5).
3
Let g(t) be the second derivative of -2/3*t**3 - 3*t - 1/12*t**4 + 5/2*t**2 + 0. Calculate g(-4).
5
Let t(y) = -y - 2. Let o(a) = -a + 1. Let c be o(5). Determine t(c).
2
Suppose 0 = 2*g + 3*g - 10. Suppose 7*x - 9 = 4*x. Let b(i) = -x*i**3 + 0*i**2 + 9 - 4*i**2 - 10 + 4*i**3 + 2*i. Calculate b(g).
-5
Let x(k) = k**2 + 10 - 11 + 2*k - 4*k. Let u be 10/4 + (-2)/4. Give x(u).
-1
Let o(g) = -g**3 - 5*g**2 - 2*g - 2. Let b be (-6)/(-5)*50/(-15). Give o(b).
-10
Let b(k) = 4 + 1 + 7*k**2 + k**3 + 2*k + 5*k. Let w = 3 + -9. Determine b(w).
-1
Let g(s) = s**3 - 3*s**2 - s - 4. Let n = 11 + 3. Let j = -10 + n. Calculate g(j).
8
Let r(s) = 2*s - 2. Let b be (-15)/3*(-24)/(-5). Let z = -13 - b. Let t = 15 - z. Determine r(t).
6
Let x(h) = -h**3 + 13*h**2 - 4*h + 55. Let c be x(13). Let p(l) = -2*l - 4. Calculate p(c).
-10
Let n(c) be the second derivative of c**4/12 - 7*c**3/6 - 2*c**2 - c. What is n(7)?
-4
Let d(l) = 4*l - l - 5*l + 0*l + 1. What is d(-3)?
7
Let j be 0 + (42/(-9))/(4/(-6)). Let c(d) = d**3 - 8*d**2 + 5*d + 7. Calculate c(j).
-7
Let y(h) = h**3 - 3*h**2 - 6*h + 2. Let i be 9/((2 + -3)/(-3)). Suppose -i + 7 = -5*a. Give y(a).
-6
Suppose 0 = -h + 4 - 1. Suppose -2*n - 13 = -h*g, -13 = -n - 4*g - 3. Let o(f) = 1. Let z(q) = -q - 3. Let s(r) = -7*o(r) - 3*z(r). Give s(n).
-4
Suppose 2*p + 5 = 15, 3*p = -z + 17. Let m(l) = 26*l - 26. Let x(b) = -5*b + 5. Let w(d) = 3*m(d) + 16*x(d). Calculate w(z).
-2
Let z(j) = j**2 + 6*j - 2. Suppose 5*a = -w + 29, -24 = -2*a - 4*w + 2. Suppose 2*q = a*r - 58 + 21, -3*q + r = 23. Determine z(q).
-2
Let q = -5 + 7. Let i(k) = -2*k**2 - k**q + 2*k**2. Calculate i(-4).
-16
Let r(v) = 3*v - 2. Let y be r(3). Let i(o) = 5*o**2 + 12*o + 10. Let d(g) = 9*g**2 + 23*g + 20. Let w(f) = -6*d(f) + 11*i(f). Calculate w(y).
-3
Let s(m) = -3*m**3 + m**2 - 5*m + 11. Let x(g) = g**3 + 3*g - 5. Let d(u) = -2*s(u) - 5*x(u). Suppose 4 - 1 = t. Determine d(t).
-3
Let w(h) = 2*h - 5 - h + 3. Give w(6).
4
Let l(h) be the third derivative of 3*h**2 + 0 - 1/6*h**3 + 1/12*h**4 + 0*h**5 + 0*h - 3/40*h**6. Calculate l(1).
-8
Let y(o) = -o - 13. Let h be ((-14)/(-3))/(-4 - 60/(-18)). What is y(h)?
-6
Let z(x) = 0 + 0*x + 0 + 4*x. Give z(3).
12
Let o(y) = 3 + 3*y + 6 + 3*y**2 - y**3 - 7. Give o(3).
11
Let f = 0 - -2. Let o be -3 - -2 - (-2)/f. Suppose 3*c + o = 2*q + 4, 2*c - 7 = -3*q. Let u(w) = -4*w + 3. What is u(c)?
-5
Let j(f) = -2*f. Let u be j(1). Let r be -1 + u/(-1 + 2). Let a(b) = 4 + 3*b + 0 + 0*b. Determine a(r).
-5
Let o(i) be the third derivative of -7/60*i**5 + 0*i**4 + 0*i + 3*i**2 + 0 - 1/6*i**3. Give o(-1).
-8
Let a(t) = 4 - 1 + 0 - t**2 - 3*t - 4*t. Calculate a(-8).
-5
Let m(r) = r**3 - 2*r**2 + 3*r - 2. Let u(b) = -b**2 + 7*b - 7. Let a be u(6). Let o = -4 - a. Let q be (1*(o - -5))/1. Determine m(q).
4
Let s(m) = -m**2 + 2*m - 1. Let a(j) = 4*j**2 - 11*j + 6. Let v(c) = 2*a(c) + 11*s(c). Calculate v(1).
-2
Let h = -3 + 5. Let b(c) = -c**h + c - c. Determine b(-2).
-4
Suppose -2 = -2*g + 6. Let s(w) = w + 0 + 0 + 2 - 6. Determine s(g).
0
Let q(r) = 5*r**3 - r**2 + r - 1. Let p be 6 + -7 + 1*37. Let h be 2/(-9) - (-224)/p. Let l = -5 + h. Determine q(l).
4
Let p(m) be the first derivative of -m**4/4 - m**3/3 + m**2/2 + 7. Let u(d) = -6*d**3 - 7*d**2 + 10*d - 2. Let i(j) = -5*p(j) + u(j). Determine i(-4).
10
Let f(l) = -l + 2. Suppose 2*z + 3 = -3*n, -n + 3 = 2*n + 4*z. Give f(n).
5
Let c(m) = -m + 1. Let w(u) = -2*u + 4. Let z(t) = -4*c(t) + w(t). Let g be -5*(54/(-15))/3. Suppose -2*y + 0 = -g. Give z(y).
6
Let m(k) = -k**3 - 5*k**2 - 3*k + 4. Let d be m(-4). Suppose d = 2*h + o, h - 2*o = o + 7. Let b(t) = t**2 - 8*t**3 + 2 + t - 3 + 6*t - 6*t. What is b(h)?
-7
Let l(i) = i**3. Let o be (-32)/(-5) - 2/5. Suppose -4*g + o = -2. What is l(g)?
8
Let f(s) = 6 + 12 + s - 15. Give f(-5).
-2
Let m(q) be the second derivative of -7*q**3/6 + q**2/2 - 3*q. Calculate m(-1).
8
Let l(x) = x**2 - x - 3. Let w(b) = -b. Let c be w(-6). Suppose 3*f = -4 + 22. Let i = f - c. Give l(i).
-3
Let p = 28 - 15. Suppose -p*t = -9*t + 16. Let n(u) = 3*u + 4. Determine n(t).
-8
Let b be 1 + 2/((-4)/14). Let s(l) be the second derivative of 2/3*l**3 + 0 + 1/12*l**4 + 2*l - 5/2*l**2. Determine s(b).
7
Suppose j + q - 4 = 0, -q = 4*q. Let s = j - 12. Let r(m) = -m + 4. Let w(c) = 3*c - 13. Let d(k) = s*r(k) - 3*w(k). Calculate d(4).
3
Let j(t) be the second derivative of t**4/12 + 5*t**3/6 - 3*t**2/2 + 3*t. Suppose -2*d - 7 = 3. Calculate j(d).
-3
Let q = 2 - 0. Let v(c) = 0 + c + 0. Let u be v(q). Let j(m) = 2*m + 1. What is j(u)?
5
Let k(s) = s**2 - 3*s + 2. Let x(j) = 5*j**2 - 15*j + 9. Let r(t) = 11*k(t) - 2*x(t). Suppose -2*c + 15 = 3*c. Calculate r(c).
4
Let q(f) be the first derivative of -f**3/3 - 3*f**2 - 4*f - 1. Suppose -15*w - 69 - 21 = 0. What is q(w)?
-4
Suppose -4*i = 5*u - 0*i - 41, -3*i + 7 = -u. Let w(z) = -5 + 1 + u*z - 4*z + 2. Calculate w(3).
1
Let f(q) = 0 + 4*q**3 - 2 + 3*q**2 + 2*q**3 - 5*q**3. Determine f(-2).
2
Let v(d) be the first derivative of d**2/2 + d - 1. Let n(w) = 5*w + 11. Let m(h) = -n(h) + 4*v(h). Calculate m(-3).
-4
Let w(f) = -f**3 + 8*f**2 + 6. Let j(i) = -i**2 - 13*i - 4. Let u be j(-12). What is w(u)?
6
Let x be (6 + -9)*(-4)/6. Suppose 7 = -x*k - g, k + 0 - 4 = g. Let h(z) be the second derivative of -z**4/3 + z**3/6 + z**2/2 - 8*z. What is h(k)?
-4
Let y be ((-6)/(-3) - 4) + 4. Let n(g) be the first derivative of -2 + 12*g - 1/2*g**y. Determine n(5).
7
Let w(m) be the second derivative of -m**3/3 - m**2 - 2*m. Suppose -3*v + 3 = 18. Calculate w(v).
8
Suppose -2*b + 2*v - 18 = -2*v, 25 = 5*b + 4*v. Suppose 7 - b = 3*c. Let k(w) = -w**3 + w**2 + w - 1. Calculate k(c).
-3
Let g(o) be the third derivative of o**4/24 + 2*o**3/3 + 12*o**2. Determine g(3).
7
Let z(d) = -4*d**3 - d**2 - d - 1. Let o(s) = -s + 2. Let x be o(2). Suppose -3*k + 6*k + 3 = x. Determine z(k).
3
Let i(j) = -j**2 + 3*j - 1. Let z(v) = 2*v**2 - 7*v + 2. Let a(y) = 13*i(y) + 6*z(y). Give a(-5).
-11
Let g(c) = c**3 - c**2. Let u(z) = -z**2. Let p(m) = 3*m**2 + 3. Let w(b) = p(b) - u(b). Let y(h) = -g(h) - w(h). Determine y(-3).
-3
Let b = 24 - 17. Let w(k) = -5*k + 3. Let u(a) = -11*a + 7. Let g(x) = b*w(x) - 3*u(x). Let o be 3/(-2)*(-2)/3. Determine g(o).
-2
Let k = -73 - -68. Let z(x) = x**3 + 4*x**2 - 6*x + 1. Calculate z(k).
6
Let b(n) = 11*n**3 + 11*n**2 - 2*n - 11. Let y(k) = -5*k**3 - 5*k**2 + k + 5. Let w(s) = -6*b(s) - 13*y(s). Let z be 0/(-1 - 0/(-2)). Calculate w(z).
1
Let r(s) be the second derivative of -s**3/6 - 9*s**2/2 + 25*s. Calculate r(-4).
-5
Suppose -6 + 10 = -s. Let w(f) = 2*f + 1. Calculate w(s).
-7
Let o(b) = b**2 + 6*b - 4. Let w(i) = i**3 + i**2 + 0*i**2 + 4*i - 6*i**2 - 6. Let l be w(4). Give o(l).
-4
Suppose -8 - 8 = -4*y. Let k be 7 - (0 + (y - 1)). Let g(m) = m**3 - 5*m**2 + 3*m - 3. Give g(k).
-7
Suppose -5*n = -4*n + 5. Let j(c) be the third derivative of -c**2 + 0 + 1/60*c**5 + 1/3*c**4 + 0*c + c**3. What is j(n)?
-9
Let g(r) = 2*r**3 + 3*r**2 + 2*r. Let q be (0 - 10/(-8))*4. Suppose -7*m - 30 = -2*m - q*x, -6 = -m - 2*x. What is g(m)?
-8
Let g(u) = u**3 + 4*u**2 + u - 4. Suppose 0 = -3*y - 13 + 1. Give g(y).
-8
Let u(h) be the third derivative of -h**4/24 - 6*h**2. Give u(2).
-2
Let a(q) = q**3 + q**2. Suppose 5 = -4*w - w. Calculate a(w).
0